{"id":29,"date":"2021-05-29T10:08:26","date_gmt":"2021-05-29T10:08:26","guid":{"rendered":"https:\/\/demo.codeworkweb.com\/cww-portfolio\/main\/?page_id=29"},"modified":"2025-06-01T12:12:20","modified_gmt":"2025-06-01T16:12:20","slug":"conferences","status":"publish","type":"page","link":"https:\/\/www.olivierniquet.com\/index.php\/conferences\/","title":{"rendered":"Conf\u00e9rences"},"content":{"rendered":"\n<p>Olivier Niquet a fait de nombreuses conf\u00e9rences dans les organisations publiques, parapubliques priv\u00e9es. Ses trois conf\u00e9rences portent sur les sujets suivants:<\/p>\n\n\n\n<p><strong>D\u00e9sinformation et libert\u00e9 d&rsquo;expression:<\/strong> Olivier Niquet explique avec humour et en s&rsquo;appuyant sur des exemples pris dans les m\u00e9dias, de quelle fa\u00e7on la d\u00e9sinformation s&rsquo;immisce dans le discours public. Il explique comment cette d\u00e9sinformation se d\u00e9veloppe sous le couvert de la promotion de la libert\u00e9 d&rsquo;expression et comment la langue de bois des politiciens alimente un cynisme qui laisse libre cours aux protagonistes de l&rsquo;industrie de l&rsquo;indignation.<\/p>\n\n\n\n<p><strong>Urbanisme, environnement et m\u00e9dias:<\/strong> Olivier Niquet pr\u00e9sente diff\u00e9rentes fa\u00e7ons par lesquelles les am\u00e9nagements urbains agissent sur la sant\u00e9 des citoyens et comment la nature complexe des enjeux urbains et environnementaux ouvre la voie \u00e0 un traitement m\u00e9diatique qui emp\u00eache de bien comprendre les liens concrets entre urbanisme, environnement et sant\u00e9. Il montre comment le discours public sur l&rsquo;urbanisme et le climat est monopolis\u00e9 par des figures m\u00e9diatiques qui polarisent les d\u00e9bats, ce qui finalement nuit aux minorit\u00e9s qui n&rsquo;ont pas acc\u00e8s aux m\u00eames tribunes. Le tout avec une touche d&rsquo;humour.<\/p>\n\n\n\n<p><strong>Introversion: <\/strong>S&rsquo;inspirant de son livre \u00ab\u00a0Les rois du silence\u00a0\u00bb sur l&rsquo;introversion, Olivier Niquet explique comment le cerveau des personnes introverties fonctionne et pourquoi elles ont de la difficult\u00e9 \u00e0 se mettre en valeur dans une soci\u00e9t\u00e9 qui privil\u00e9gie l&rsquo;extraversion. Il montre comment la soci\u00e9t\u00e9 se prive des bonnes id\u00e9es des personnes plus discr\u00e8tes \u00e0 toutes les \u00e9chelles, que ce soit \u00e0 l&rsquo;\u00e9cole, en entreprise ou dans les m\u00e9dias. Il propose des fa\u00e7ons de mieux int\u00e9grer ces personnes, mais aussi, aspire \u00e0 aider celles-ci \u00e0 mieux se comprendre.<\/p>\n\n\n\n<p>Quelques-unes de ses conf\u00e9rences:<\/p>\n\n\n\n<ul class=\"wp-block-list\">\n<li>Conf\u00e9rence sur l&rsquo;introversion devant la Soci\u00e9t\u00e9 Qu\u00e9b\u00e9coise de recherche en psychologie (SQRP).<\/li>\n\n\n\n<li>Conf\u00e9rence sur le traitement m\u00e9diatique des questions urbanistiques devant l&rsquo;Association des am\u00e9nagistes municipaux du Qu\u00e9bec (AUAMQ).<\/li>\n\n\n\n<li>Conf\u00e9rence sur les liens entre la sant\u00e9, l&rsquo;urbanisme et les m\u00e9dias devant des \u00e9lus et citoyens de Gatineau.<\/li>\n\n\n\n<li>Conf\u00e9rence sur les l&rsquo;acceptabilit\u00e9 sociale des projets li\u00e9s \u00e0 la transition \u00e9nerg\u00e9tique dans le cadre du colloque de l&rsquo;organisme Nergica.<\/li>\n\n\n\n<li>Conf\u00e9rence sur les liens entre la sant\u00e9, l&rsquo;urbanisme et les m\u00e9dias dans le cadre du colloque Villes cr\u00e9atrices de sant\u00e9 \u00e0 l&rsquo;UQAC.<\/li>\n\n\n\n<li>Conf\u00e9rence sur les liens entre la sant\u00e9 et l&rsquo;urbanisme dans le cadre de la Journ\u00e9e internationale des personnes en situation de handicap.<\/li>\n\n\n\n<li>Conf\u00e9rence \u00e0 propos des effets de l&rsquo;intelligence artificielle sur le m\u00e9tier de courtier immobilier pour le congr\u00e8s de l&rsquo;OACIQ.<\/li>\n\n\n\n<li>Conf\u00e9rence sur le traitement m\u00e9diatiques des enjeux de mobilit\u00e9 durable au Forum sur la mobilit\u00e9 durable de la Gasp\u00e9sie<\/li>\n\n\n\n<li>Conf\u00e9rence sur l&rsquo;introversion au C\u00e9gep \u00c9douard-Montpetit.<\/li>\n\n\n\n<li>Monologue dans le cadre de l&rsquo;\u00e9v\u00e9nement ILOT 2023<\/li>\n\n\n\n<li>Conf\u00e9rence sur les m\u00e9dias et l&rsquo;am\u00e9nagement urbain au C\u00e9gep G\u00e9rald Godin.<\/li>\n\n\n\n<li>Conf\u00e9rence sur la d\u00e9sinformation et la libert\u00e9 d\u2019expression au C\u00e9gep de Sherbrooke.<\/li>\n\n\n\n<li>Conf\u00e9rence sur la d\u00e9sinformation et la libert\u00e9 d\u2019expression au C\u00e9gep de St-J\u00e9r\u00f4me.<\/li>\n\n\n\n<li>Conf\u00e9rence sur la d\u00e9sinformation et la libert\u00e9 d\u2019expression au C\u00e9gep \u00c9douard-Montpetit.<\/li>\n\n\n\n<li>Conf\u00e9rence sur la d\u00e9sinformation et la libert\u00e9 d\u2019expression au C\u00e9gep Ahuntsic.<\/li>\n\n\n\n<li>Conf\u00e9rence sur la d\u00e9sinformation et la libert\u00e9 d\u2019expression \u00e0 l&rsquo;Universit\u00e9 de Montr\u00e9al.<\/li>\n\n\n\n<li>Conf\u00e9rence sur la d\u00e9sinformation et la libert\u00e9 d\u2019expression au C\u00e9gep de Saint-Jean-sur-Richelieu.<\/li>\n\n\n\n<li>Conf\u00e9rence sur la d\u00e9sinformation et la libert\u00e9 d\u2019expression au <a href=\"https:\/\/www.lanouvelle.net\/actualite\/la-desinformation-et-la-liberte-dexpression-selon-olivier-niquet\/\">C\u00e9gep de Victoriaville<\/a>.<\/li>\n\n\n\n<li>Conf\u00e9rence sur l&rsquo;introversion chez Tam Tam\/TBWA<\/li>\n\n\n\n<li>Participation au colloque de l&rsquo;Ordre des urbanistes du Qu\u00e9bec<\/li>\n\n\n\n<li>Animation soir\u00e9e 10e anniversaire de Mobili-T<\/li>\n\n\n\n<li>Conf\u00e9rence sur la d\u00e9sinformation et la libert\u00e9 d\u2019expression au C\u00e9gep \u00c9douard-Montpetit.<\/li>\n\n\n\n<li>Conf\u00e9rence sur la d\u00e9sinformation et la libert\u00e9 d\u2019expression au C\u00e9gep de Lanaudi\u00e8re.<\/li>\n\n\n\n<li>Conf\u00e9rence d\u2019ouverture du colloque \u00ab&nbsp;<a href=\"https:\/\/www.ruesprincipales.org\/colloque-2021\">Lieux communs, lieux d\u2019exception<\/a>&nbsp;\u00bb de Rues principales.<\/li>\n\n\n\n<li>Conf\u00e9rence sur la d\u00e9sinformation et la libert\u00e9 d&rsquo;expression au C\u00e9gep de Lanaudi\u00e8re.<\/li>\n\n\n\n<li>Conf\u00e9rence \u201cRencontre d\u2019auteur\u201d \u00e0 la biblioth\u00e8que Parc-Extension.<\/li>\n\n\n\n<li>Conf\u00e9rence sur la langue de bois au C\u00e9gep Andr\u00e9 Grasset.<\/li>\n\n\n\n<li>Conf\u00e9rence \u201cRencontre d\u2019auteur\u201d \u00e0 la biblioth\u00e8que de Repentigny.<\/li>\n\n\n\n<li>Conf\u00e9rence \u00ab\u00a0Rencontre d&rsquo;auteur\u00a0\u00bb \u00e0 la biblioth\u00e8que de Drummondville.<\/li>\n\n\n\n<li>Conf\u00e9rence \u00ab\u00a0Rencontre d&rsquo;auteur\u00a0\u00bb \u00e0 la Factrie de Valleyfield.<\/li>\n\n\n\n<li>Conf\u00e9rence sur la langue de bois au C\u00e9gep Champlain.<\/li>\n\n\n\n<li>Conf\u00e9rence sur la langue de bois au C\u00e9gep de Val D\u2019or.<\/li>\n\n\n\n<li>Monologue dans le cadre du 15e anniversaire de l\u2019Institut du Nouveau Monde.<\/li>\n\n\n\n<li>Conf\u00e9rence au C\u00e9gep L\u2019Assomption sur le sport et la soci\u00e9t\u00e9.<\/li>\n\n\n\n<li>Conf\u00e9rencier au colloque \u201cTerritoires \u00c9mergents\u201c: \u201cLe m\u00e9dia citoyen comme partie prenante d\u2019un nouvel \u00e9cosyst\u00e8me m\u00e9diatique\u201d.<\/li>\n\n\n\n<li>Paneliste \u00e0 la Nuit de la Philosophie: \u201cLe cyberjournalisme citoyen en d\u00e9bat\u201d.<\/li>\n\n\n\n<li>Paneliste au congr\u00e8s de la F\u00e9d\u00e9ration des journalistes professionels du Qu\u00e9bec (FPJQ) sur les \u201csites citoyens\u201d.<\/li>\n<\/ul>\n","protected":false},"excerpt":{"rendered":"<p>Olivier Niquet a fait de nombreuses conf\u00e9rences dans les organisations publiques, parapubliques priv\u00e9es. Ses trois conf\u00e9rences portent sur les sujets suivants: D\u00e9sinformation et libert\u00e9 d&rsquo;expression: Olivier Niquet explique avec humour et en s&rsquo;appuyant sur des exemples pris dans les m\u00e9dias, de quelle fa\u00e7on la d\u00e9sinformation s&rsquo;immisce dans le discours public. Il explique comment cette d\u00e9sinformation [&hellip;]<\/p>\n","protected":false},"author":1,"featured_media":0,"parent":0,"menu_order":0,"comment_status":"closed","ping_status":"closed","template":"","meta":{"footnotes":""},"class_list":["post-29","page","type-page","status-publish","hentry"],"jetpack_sharing_enabled":true,"_links":{"self":[{"href":"https:\/\/www.olivierniquet.com\/index.php\/wp-json\/wp\/v2\/pages\/29","targetHints":{"allow":["GET"]}}],"collection":[{"href":"https:\/\/www.olivierniquet.com\/index.php\/wp-json\/wp\/v2\/pages"}],"about":[{"href":"https:\/\/www.olivierniquet.com\/index.php\/wp-json\/wp\/v2\/types\/page"}],"author":[{"embeddable":true,"href":"https:\/\/www.olivierniquet.com\/index.php\/wp-json\/wp\/v2\/users\/1"}],"replies":[{"embeddable":true,"href":"https:\/\/www.olivierniquet.com\/index.php\/wp-json\/wp\/v2\/comments?post=29"}],"version-history":[{"count":5,"href":"https:\/\/www.olivierniquet.com\/index.php\/wp-json\/wp\/v2\/pages\/29\/revisions"}],"predecessor-version":[{"id":5902,"href":"https:\/\/www.olivierniquet.com\/index.php\/wp-json\/wp\/v2\/pages\/29\/revisions\/5902"}],"wp:attachment":[{"href":"https:\/\/www.olivierniquet.com\/index.php\/wp-json\/wp\/v2\/media?parent=29"}],"curies":[{"name":"wp","href":"https:\/\/api.w.org\/{rel}","templated":true}]}}